ivisor of 481 and 117?
13
Calculate the greatest common factor of 6386 and 1030.
206
What is the highest common divisor of 27 and 13095?
27
What is the highest common divisor of 49 and 441?
49
Calculate the highest common divisor of 21 and 21.
21
Calculate the highest common factor of 11 and 44.
11
Calculate the greatest common factor of 10 and 1550.
10
Calculate the greatest common divisor of 182 and 26.
26
Calculate the greatest common factor of 916 and 11679.
229
Calculate the highest common divisor of 26 and 5486.
26
Calculate the greatest common factor of 11009 and 202.
101
Calculate the greatest common factor of 36 and 2502.
18
What is the highest common divisor of 182 and 42?
14
Calculate the greatest common factor of 26 and 1027.
13
What is the highest common factor of 3 and 9?
3
What is the highest common divisor of 203 and 261?
29
Calculate the greatest common divisor of 547 and 3.
1
What is the greatest common factor of 123 and 4551?
123
What is the highest common divisor of 414 and 18?
18
Calculate the greatest common divisor of 44 and 11264.
44
What is the highest common factor of 594 and 9?
9
Calculate the highest common divisor of 1001 and 91.
91
Calculate the highest common factor of 469 and 259.
7
What is the highest common divisor of 1037 and 61?
61
Calculate the highest common factor of 253 and 115.
23
Calculate the highest common factor of 50 and 540.
10
What is the highest common factor of 208 and 13?
13
What is the greatest common divisor of 4631 and 341?
11
What is the highest common divisor of 388 and 416?
4
What is the highest common divisor of 3290 and 770?
70
Calculate the highest common factor of 63 and 49.
7
Calculate the highest common divisor of 81 and 15.
3
What is the greatest common factor of 3354 and 26?
26
What is the highest common divisor of 19 and 4427?
19
Calculate the highest common divisor of 21 and 3.
3
What is the greatest common factor of 76 and 4484?
76
Calculate the highest common divisor of 84 and 161.
7
What is the highest common factor of 5 and 185?
5
What is the greatest common divisor of 93 and 217?
31
What is the highest common divisor of 6110 and 658?
94
Calculate the highest common factor of 68 and 306.
34
Calculate the greatest common factor of 264 and 22.
22
Calculate the highest common factor of 7101 and 27.
27
Calculate the highest common factor of 638 and 2.
2
Calculate the highest common factor of 66 and 231.
33
Calculate the highest common divisor of 15194 and 568.
142
Calculate the greatest common divisor of 16 and 199.
1
What is the greatest common divisor of 22 and 275?
11
What is the greatest common divisor of 6 and 378?
6
What is the highest common factor of 44 and 242?
22
What is the highest common factor of 10 and 194?
2
Calculate the highest common divisor of 96 and 160.
32
What is the greatest common factor of 16 and 26?
2
Calculate the greatest common divisor of 234 and 104.
26
Calculate the highest common factor of 365 and 3869.
73
Calculate the greatest common divisor of 8 and 3228.
4
What is the highest common factor of 21 and 483?
21
Calculate the highest common factor of 33 and 275.
11
Calculate the highest common divisor of 460 and 1242.
46
Calculate the highest common divisor of 1184 and 10.
2
Calculate the highest common divisor of 98 and 49.
49
Calculate the highest common divisor of 77 and 7.
7
Calculate the highest common divisor of 4826 and 38.
38
Calculate the highest common divisor of 315 and 42.
21
What is the highest common factor of 306 and 119?
17
Calculate the greatest common factor of 48 and 138.
6
What is the highest common divisor of 83 and 4067?
83
What is the greatest common divisor of 25 and 405?
5
What is the greatest common factor of 2153 and 1?
1
Calculate the greatest common factor of 8708 and 14.
14
What is the highest common factor of 200 and 160?
40
Calculate the greatest common divisor of 1350 and 60.
30
Calculate the highest common factor of 848 and 80.
16
What is the highest common divisor of 30 and 78?
6
Calculate the greatest common divisor of 801 and 3.
3
Calculate the greatest common factor of 1928 and 16.
8
What is the greatest common divisor of 2175 and 225?
75
Calculate the greatest common divisor of 90 and 3075.
15
Calculate the highest common factor of 256 and 592.
16
Calculate the greatest common divisor of 159 and 33920.
53
What is the greatest common factor of 248 and 279?
31
What is the greatest common divisor of 2109 and 888?
111
Calculate the highest common factor of 429 and 741.
39
Calculate the highest common divisor of 165 and 275.
55
What is the greatest common divisor of 415 and 5?
5
What is the highest common factor of 558 and 90?
18
Calculate the greatest common divisor of 19 and 3135.
19
What is the greatest common divisor of 3945 and 5?
5
What is the greatest common factor of 3204 and 63?
9
Calculate the greatest common divisor of 45 and 261.
9
Calculate the highest common factor of 572 and 187.
11
Calculate the highest common divisor of 12 and 438.
6
What is the highest common factor of 377 and 104?
13
Calculate the greatest common factor of 10 and 3915.
5
What is the greatest common factor of 160 and 96?
32
What is the greatest common factor of 3052 and 42?
14
Calculate the highest common factor of 5 and 9.
1
What is the highest common factor of 66 and 363?
33
Calculate the greatest common factor of 120 and 40.
40
What is the highest common divisor of 1 and 27?
1
Calculate the greatest common factor of 645 and 30.
15
Calculate the greatest common factor of 500 and 2900.
100
What is the highest common divisor of 240 and 1392?
48
Calculate the greatest common divisor of 27 and 22653.
27
Calculate the highest common divisor of 196 and 70.
14
Calculate the highest common divisor of 18 and 1470.
6
What is the greatest common factor of 246 and 54858?
246
What is the greatest common divisor of 33 and 671?
11
What is the greatest common factor of 6672 and 240?
48
What is the greatest common factor of 1024 and 48?
16
Calculate the greatest common factor of 396 and 44.
44
What is the greatest common factor of 10 and 205?
5
What is the greatest common divisor of 54 and 27?
27
Calculate the greatest common factor of 22 and 1639.
11
What is the highest common factor of 125 and 90?
5
What is the greatest common divisor of 23 and 1?
1
What is the greatest common factor of 60 and 920?
20
Calculate the highest common divisor of 60900 and 20.
20
What is the greatest common factor of 291 and 2813?
97
What is the highest common factor of 368 and 69?
23
Calculate the greatest common divisor of 105 and 805.
35
What is the greatest common factor of 901 and 17?
17
What is the greatest common divisor of 416 and 52?
52
What is the highest common factor of 312 and 3016?
104
What is the greatest common divisor of 1924 and 130?
26
Calculate the greatest common divisor of 99 and 5379.
33
Calculate the highest common divisor of 75 and 270.
15
What is the greatest common divisor of 688 and 28?
4
What is the greatest common factor of 9 and 9?
9
Calculate the greatest common divisor of 50316 and 84.
84
Calculate the greatest common factor of 913 and 249.
83
What is the highest common factor of 13 and 1079?
13
Calculate the highest common divisor of 153 and 7497.
153
What is the greatest common divisor of 1 and 9?
1
What is the highest common factor of 153 and 9?
9
Calculate the greatest common divisor of 925 and 74.
37
What is the greatest common divisor of 68 and 48?
4
Calculate the greatest common factor of 4640 and 29.
29
What is the greatest common divisor of 132 and 1524?
12
Calculate the highest common factor of 44 and 4.
4
Calculate the greatest common divisor of 26 and 10387.
13
Calculate the highest common factor of 12 and 44.
4
Calculate the greatest common divisor of 520 and 455.
65
What is the greatest common divisor of 153 and 17?
17
Calculate the greatest common divisor of 1387 and 19.
19
Calculate the highest common divisor of 1778 and 70.
14
What is the highest common divisor of 13874 and 98?
14
What is the greatest common factor of 46 and 667?
23
Calculate the greatest common divisor of 10 and 19630.
10
What is the highest common divisor of 2748 and 12?
12
What is the greatest common factor of 725 and 1073?
29
What is the hi